{"id":227,"date":"2019-10-14T16:53:39","date_gmt":"2019-10-14T13:53:39","guid":{"rendered":"http:\/\/sivteks.com.tr\/demo\/?page_id=227"},"modified":"2019-10-15T10:33:51","modified_gmt":"2019-10-15T07:33:51","slug":"vizyon","status":"publish","type":"page","link":"https:\/\/www.sivteks.com.tr\/?page_id=227","title":{"rendered":"Vizyon"},"content":{"rendered":"\n<p>Sekt\u00f6r\u00fcnde Yurti\u00e7i ve Yurtd\u0131\u015f\u0131 Pazar taraf\u0131ndan gelen t\u00fcm talepleri kaliteli ve h\u0131zl\u0131 bir \u015fekilde yerine getirerek. Tekstil \u00fcss\u00fc Adana\u2019n\u0131n bran\u015f\u0131nda en \u00f6nemli markalar\u0131ndan birisi olmak ba\u015fl\u0131ca hedefimizdir.<\/p>\n\n\n\n<p>M\u00fc\u015fterilerimizden alm\u0131\u015f oldu\u011fumuz i\u015fleri, zaman\u0131nda, do\u011fru ve de kaliteden \u00f6d\u00fcn vermeden zaman\u0131nda teslim etmek, en b\u00fcy\u00fck \u00e7abam\u0131z olmaktad\u0131r.<\/p>\n","protected":false},"excerpt":{"rendered":"<p>Sekt\u00f6r\u00fcnde Yurti\u00e7i ve Yurtd\u0131\u015f\u0131 Pazar taraf\u0131ndan gelen t\u00fcm talepleri kaliteli ve h\u0131zl\u0131 bir \u015fekilde yerine getirerek. Tekstil \u00fcss\u00fc Adana\u2019n\u0131n bran\u015f\u0131nda&hellip;<\/p>\n","protected":false},"author":1,"featured_media":0,"parent":0,"menu_order":0,"comment_status":"closed","ping_status":"closed","template":"","meta":{"footnotes":""},"class_list":["post-227","page","type-page","status-publish","hentry"],"_links":{"self":[{"href":"https:\/\/www.sivteks.com.tr\/index.php?rest_route=\/wp\/v2\/pages\/227","targetHints":{"allow":["GET"]}}],"collection":[{"href":"https:\/\/www.sivteks.com.tr\/index.php?rest_route=\/wp\/v2\/pages"}],"about":[{"href":"https:\/\/www.sivteks.com.tr\/index.php?rest_route=\/wp\/v2\/types\/page"}],"author":[{"embeddable":true,"href":"https:\/\/www.sivteks.com.tr\/index.php?rest_route=\/wp\/v2\/users\/1"}],"replies":[{"embeddable":true,"href":"https:\/\/www.sivteks.com.tr\/index.php?rest_route=%2Fwp%2Fv2%2Fcomments&post=227"}],"version-history":[{"count":2,"href":"https:\/\/www.sivteks.com.tr\/index.php?rest_route=\/wp\/v2\/pages\/227\/revisions"}],"predecessor-version":[{"id":268,"href":"https:\/\/www.sivteks.com.tr\/index.php?rest_route=\/wp\/v2\/pages\/227\/revisions\/268"}],"wp:attachment":[{"href":"https:\/\/www.sivteks.com.tr\/index.php?rest_route=%2Fwp%2Fv2%2Fmedia&parent=227"}],"curies":[{"name":"wp","href":"https:\/\/api.w.org\/{rel}","templated":true}]}}